pose 4*i = -3*a + 385, 3*i + 326 + 229 = 4*a. Is (370/(-6) + 1)/((-90)/a) prime?
False
Let h(x) = 469*x - 15. Let l(c) = -234*c + 8. Let p(u) = 3*h(u) + 5*l(u). Is p(2) composite?
True
Let h be (-4)/8 + (-61)/(-2). Suppose 5*o + 21 = 4*d, 5*d = 2*d - o + h. Suppose -4*x + d = 1. Is x a prime number?
True
Suppose -4*u = 4*v, 0 = -0*v - v + 2*u. Suppose -4*b = -4*g - 8, 3*b = -3*g - 2 - 4. Suppose b = -z - v*z + 2*k + 21, 0 = 4*z - 3*k - 79. Is z composite?
False
Let l(k) be the first derivative of 118*k**3/3 - k**2/2 - 17*k + 12. Is l(4) a prime number?
True
Let f = 27 - 11. Let y(l) = 56 + 42 + l - 35 + f. Is y(0) a prime number?
True
Suppose 14668 - 686 = 2*d. Is d prime?
True
Let i = 37 - 34. Suppose -f - i*n = -94, -4*n - 25 = n. Is f a prime number?
True
Let h(w) = 11*w + 1 - 4 - 18 - 19*w**2 + w**3 + 7*w. Is h(20) a prime number?
True
Let q be ((96/(-5))/2)/((-19)/(-1045)). Let o = q + 854. Is o a prime number?
False
Let y = 890 + -622. Suppose 5*g - 343 = -i, -2*i - y = -4*g - 6*i. Is g a composite number?
True
Suppose 2*d = -4, -4*d = 5*s - 3057 - 2075. Suppose 2*q + 2*q - s = 0. Is q a composite number?
False
Suppose 5 = -w + 1. Let g be ((-1)/1)/(w/16). Suppose 2*v - 36 = -2*i, -i = g*v - 10 - 5. Is i composite?
False
Suppose -10 = -3*c + 35. Let r(o) = 5*o**2 - 2*o - 46. Is r(c) a composite number?
False
Suppose -o + 70 = 5*n, -2*n - 5*o + 42 = n. Let j(r) = r**3 - 11*r**2 + 2*r - 29. Is j(n) prime?
True
Let r be 30/9 - 1/3. Let t = 3 + r. Suppose 0*q - t*q = -690. Is q a prime number?
False
Suppose 0 = 5*v + 3*n - 14, -4 = 5*v - 4*n - 32. Suppose -v*x + 3*q - 4*q + 4750 = 0, 4*x - 3*q - 4742 = 0. Is x prime?
True
Let u(i) = 42*i**2 - 7*i - 2. Let m be u(-2). Let x be (-66)/(-2) - (1 + 1). Let j = m - x. Is j a composite number?
False
Let m = 35 - 30. Suppose -m*n - 577 = -4*r - 3006, 4*n + r = 1939. Is n a composite number?
True
Suppose -d - 3*c = 6, -7*c + 5*c = -4*d - 38. Is (-2798)/((d/(-21))/((-3)/2)) prime?
False
Let p(z) = -32*z - 7. Let h(f) = 31*f + 7. Let l(u) = -7*h(u) - 6*p(u). Let i be (4/(-5))/(14/105). Is l(i) composite?
True
Let k(t) = 12*t - 5 - 13 + 47 + 31*t. Is k(3) a prime number?
False
Suppose -28*j + 24*j + 1112 = 0. Is j*2 - 9/(-3) a composite number?
True
Suppose 0*n = 4*n - 4*x - 24, 2*n - 37 = -3*x. Suppose n = 3*b + 2. Suppose 330 = 5*q - 4*o, b*o = 5*q + 5*o - 300. Is q composite?
True
Let c(g) = 26 + g - 277 + 409 + 597. Is c(0) a composite number?
True
Suppose -1231 = -p - 5*r, 3*p + 27*r - 3653 = 22*r. Is p prime?
False
Suppose n - 4011 = -h + 11180, -75971 = -5*n + 3*h. Is n a prime number?
True
Is (5924/(-20))/((-3)/15) a composite number?
False
Let p = 5268 + 853. Is p composite?
False
Suppose 65 = 2*w + 3*l, -2*l - 3*l = 5. Suppose 4*m = 3*m + w. Is m a prime number?
False
Is ((-643174)/(-21))/((-2)/(-3)) a prime number?
False
Suppose 0*t = -3*t. Let q(w) = -1 + t - 6 - 22*w. Is q(-2) composite?
False
Is -2196*7/(-63)*579 + 1 a prime number?
True
Let a = -33 + 35. Suppose g = -4*h + 3*h + 14, 2*g = a*h + 12. Suppose -g*f + 7*f + 165 = 0. Is f prime?
False
Let y(v) = 55*v**2 - v + 3. Is y(9) prime?
False
Let g be (-2024)/(-56) + (-1)/7. Is (338/(-6))/((-12)/g) a prime number?
False
Let w(n) = -n**3 + 26*n**2 + 59*n + 27. Is w(22) a composite number?
True
Let v = -3672 - -11279. Is v a composite number?
False
Suppose -4*y = -3*w + 7469, y = 5*w - 18491 + 6037. Is w a composite number?
True
Suppose p - 7*p = 0. Suppose 4*t + 5*i + 0*i - 859 = p, 0 = -5*t - 4*i + 1067. Is t prime?
True
Let s(i) = -12 - i**3 + 2 + 11 - 3*i**2 - 2*i. Is s(-6) a prime number?
False
Suppose -3*c + 721115 = 5*w, -39788 - 392881 = -3*w + 3*c. Is w composite?
False
Let c(o) = 11*o + 6*o**2 - 4*o - 7*o - 1. Let r(d) = -d + 8. Let a be r(5). Is c(a) composite?
False
Let b = 17681 + -8370. Is b prime?
True
Let r(q) be the third derivative of 127*q**4/24 + q**3/6 + 2*q**2. Let x be r(7). Suppose 6*n - n = x. Is n a prime number?
False
Let y be -12*2*2/(-4). Let j = -26 + y. Is (-4)/(-14) + (-458)/j prime?
False
Suppose 76682 - 203281 = -11*y. Is y prime?
False
Suppose -3944 + 273 = -d. Is d composite?
False
Suppose -3*l + 22 = -4*s, 0 = -4*l + s + 10 + 2. Is (5740/(-30))/(l/(-3)) a composite number?
True
Suppose 0 = o + 3*s - 14356, -2*s + 0*s - 2 = 0. Is o a composite number?
True
Let o(x) be the second derivative of x**4/12 + 4*x**3/3 + 3*x**2/2 + 5*x. Let j be o(-5). Is (345/j)/(1/(-4)) a prime number?
False
Is (18/27)/(16/1020792) prime?
True
Suppose 6*x = 10104 - 318. Is x a composite number?
True
Suppose -39*m = 2*m - 413157. Is m prime?
False
Let z = 3462 - 2363. Is z prime?
False
Suppose 46*b = -2120 + 11366. Let i(x) = x**2 + x + 163. Let f be i(0). Suppose -f - b = -4*p. Is p a prime number?
False
Suppose 21*j + 2*t + 69398 = 23*j, 104097 = 3*j + 5*t. Is j a composite number?
True
Let b(k) be the third derivative of 69*k**4/8 + 2*k**3/3 + 7*k**2. Is b(1) prime?
True
Let h(s) be the second derivative of -3*s**5/20 + 7*s**4/12 + s**3/2 + 3*s**2/2 - 5*s. Let a be h(-5). Suppose y - 3*y = -a. Is y a prime number?
True
Suppose 3*j + u = 14, 4 = -u - 0. Suppose -5*f + j = -4. Suppose f*c - 10 = 10. Is c prime?
False
Suppose -2*z - 2*z = -304. Let b = z - 43. Is b prime?
False
Let d = -121 - -97. Let t = 281 - d. Is t a composite number?
True
Let q be 2*(1 - -2)/3. Suppose 0 = c + q*p + 71, 4*c + 8*p - 3*p = -278. Is -3*1 + (-5 - c) a composite number?
False
Suppose 5*x = -2*f - 13, -4*f + 2*x = -0 - 34. Suppose 9*u - 54 = f*u. Is u*(9 + -3) + 1 a prime number?
True
Is ((-201048)/(-1))/6 - (-14)/2 composite?
True
Let d = -2515 - -3992. Is d prime?
False
Suppose 0 = 2*z + 3*v - 7912, -3*z = -6*z - 4*v + 11869. Is z composite?
True
Let b(r) = -1205*r - 2. Is b(-1) a composite number?
True
Let c = 2460 + -1501. Is c composite?
True
Let n = -1035 + 1459. Let p = n - 187. Suppose -5*c + 4*o = -o - 505, 2*c - p = -5*o. Is c prime?
False
Let c(n) = 56*n + 8. Let k be c(-4). Let y = -119 - k. Is y composite?
False
Let z = -2570 + 5707. Is z a prime number?
True
Let d = 393 + -146. Let n = d - -444. Is n a composite number?
False
Let h = -20 + 22. Let i(y) = -y - 5 + 12*y + 9*y**2 + 2*y**h - 3*y. Is i(-8) a composite number?
True
Let w be (194*(-2)/(-1))/2. Suppose 4*p = 2*p - w. Let q = p - -174. Is q prime?
False
Let d = 260 - -2. Suppose -d = -v - v. Let t = 274 - v. Is t a prime number?
False
Suppose -5*n + u + 14 + 12 = 0, -3*n = -3*u - 6. Suppose n*m - 4215 = m - 4*a, 3*m - 4*a = 2497. Is m a prime number?
True
Let v(p) = -5*p**2 + 4*p + 9611. Is v(0) composite?
True
Let v = -79284 + 129130. Is v prime?
False
Let c be 276/(-24) - -2*1/(-4). Let w(b) = -4*b + 14*b + 0*b**2 - 5 + b**2. Is w(c) prime?
True
Suppose -2*b + 4*l + 3798 = 0, -13*b - 5*l = -17*b + 7599. Is b composite?
False
Suppose -16 = r - 12. Is (2/r*-10)/((-1)/(-367)) a composite number?
True
Let d(m) = 10*m**2 + m + 6. Let c be d(3). Let k = c - -158. Is k composite?
False
Let w(t) = -t**2 + 5*t - 1. Let i be w(5). Is 1/5 - ((-28584)/(-30))/i a composite number?
False
Suppose 0 = -u - 4*t + 179, 64 = 4*u + 4*t - 688. Is u composite?
False
Let x(z) = 227*z**2 - 2*z - 2. Let w be x(2). Suppose w = 5*v - 3*k, -v - 4 + 186 = k. Suppose 144 = 4*y + 4*s, -2*s - v = -5*y - 6*s. Is y a prime number?
True
Is (6 + (-6 - 1))*-9391 a composite number?
False
Suppose 4*k + 167 = -121. Let s be 4/(-18) - 2176/k. Suppose -3*a + 15 + s = 0. Is a a composite number?
True
Let v = 15944 + 4627. Is v a composite number?
True
Let k = 164743 + -104994. Is k prime?
False
Let q(g) = 2983*g - 208. Is q(11) prime?
False
Let f(u) = 3*u**2 - 28*u - 24. Let h = 135 + -110. Is f(h) a prime number?
True
Suppose 2*z = 22 - 58. Let j = -3 - z. Suppose 3*o = f - 22, 0 + j = 5*o. Is f composite?
False
Let q be (-4)/(-22) - 260/(-143). Suppose -q*b = -191 - 215. Is b a composite number?
True
Let v(h) = 60*h**3 + 2*h**2 + h - 3. Is v(2) a composite number?
False
Let k = 7479 + -4748. Is k a composite number?
False
Let p = -7252 - -14331. Is p composite?
False
Suppose 6081 = 5*a + 4*v, -2*a + v = -3*a + 1216. Is a a prime number?
True
Let u(a) = 30579*a - 337. Is u(2) prime?
True
Let f(w) = -832*w - 50. Let b be f(20). Let l = -11727 - b. Is l prime?
False
Suppose 3*h + 7 + 56 = 0. Let f(g) = g**3 +